5*l + 278 = 5*y - t, 4*y + 4*l = 308. What are the prime factors of ((-40)/(-24))/(2/y)?
5, 13
Let q(a) = a**2 - 27*a + 22. Let w be q(32). Suppose -183*h + 320 = -w*h. List the prime factors of h.
2, 5
Let l be 10/4*(-638)/(-145). Suppose 9495 = l*t + 34*t. List the prime factors of t.
211
Suppose 182160 = -227*j + 307*j. What are the prime factors of j?
3, 11, 23
Let f(n) = 2138*n**2 + 379*n + 1496. List the prime factors of f(-4).
2, 3, 7, 11, 37
Let t(x) = -5*x**3 - 6*x + 3*x + 27 - 4*x**2 + x**2 + 13*x. What are the prime factors of t(-5)?
17, 31
Let x be -2*((-2)/(-7) - (-276)/161). What are the prime factors of (-130)/(-8) - x - 6/(-8)?
3, 7
Suppose p - 3 = -c, 4*c + 0*c - 4*p = 20. Let d(m) = 13*m - 31. Let v be d(c). Suppose -18*x = -v*x + 228. List the prime factors of x.
2, 19
Let t(u) = 3*u**3 + 51*u**2 + 39*u + 15. What are the prime factors of t(13)?
2, 3, 19, 23
Let p = 4315 - -8757. What are the prime factors of p?
2, 19, 43
Suppose -106286 = 95*c - 133*c. What are the prime factors of c?
2797
Let x = -142 - -785. Suppose 6*a + x = 1867. List the prime factors of a.
2, 3, 17
Let z be -8 + 4 - (-29 - -3). Suppose z = 3*v + 10. Suppose -3*n = -2*d - v*n + 205, 0 = n + 3. List the prime factors of d.
2, 13
Suppose -q = -4*c - 5339, -55*c + 16081 = 3*q - 51*c. What are the prime factors of q?
3, 5, 7, 17
Suppose 167*o = 164*o. Suppose -6*j = -3*j - 5*a - 581, -4*j - 4*a + 796 = o. What are the prime factors of j?
197
List the prime factors of (977/(-3) + -1)*189*1/(-15).
2, 3, 7
Suppose -3*z = -l - l + 10, 5*z + 8 = -l. Suppose -237 + 937 = l*n. List the prime factors of n.
2, 5, 7
Let i be ((-178)/(-3))/((-2)/3). Let k = i + 94. List the prime factors of (-410 - -4)*k/(-10).
7, 29
Let v(f) = 50*f + 5. Let l = -67 - -70. Suppose -x + 21 = 2*p + 2*p, -5*x + 13 = -l*p. What are the prime factors of v(p)?
5, 41
Suppose 9*y - 11*y = -5*x - 2024, -2*y + 2024 = -2*x. Let k = y - 568. List the prime factors of k.
2, 3, 37
List the prime factors of (7/3 + -1)*((-370704)/(-32) + 0).
2, 7723
Suppose 2*v = 3*g - 25438, g - 8474 = -8*v + 6*v. List the prime factors of g.
2, 3, 157
Let s(w) = 335*w**2 - w + 1. Suppose -9 = -3*a, 8*a = 5*d + 13*a - 20. List the prime factors of s(d).
5, 67
What are the prime factors of (-155)/20*-16*(-3210)/(-20)?
2, 3, 31, 107
Suppose 3*i - 3*a + 873 = 0, -3*i - 2*i = 3*a + 1415. What are the prime factors of -1 - (2/(-13) - (-150106)/i)?
2, 131
Let b(g) = -2*g**3 + g**2 + 2*g. Let y be b(3). Let o = y - -41. What are the prime factors of o/(-3)*(-552)/16?
23
Let r(v) = -54*v**3 + v**2 - 3*v - 6. Let g be r(-3). Suppose 2*f + 2*b = 7*f - 1860, -2*b = 4*f - g. What are the prime factors of f?
2, 5, 37
Let y = -2593 - -8812. List the prime factors of y.
3, 691
Let k be (0 - (-2)/(-7)) + (-1977931)/(-161). Let b be k/13 + -1 + (-2 - -3). List the prime factors of (-4)/(-6)*b/(20/4).
2, 3, 7
Suppose -2*r + 1 = -r + 2*b, -3*r - 4*b + 7 = 0. Suppose -5*a + o = -5900, r*a - 6270 = 2*o - 375. List the prime factors of a.
1181
Let w = 737 - 734. Suppose 2*f + k = 631, -f - w*k = -k - 314. What are the prime factors of f?
2, 79
Suppose -l = 3*a - 6491, 5*l - 45716 = -a - 13233. What are the prime factors of l?
73, 89
Let p be ((-10)/(140/(-21)))/((-1)/(-2)). Let y(w) = 24*w + 13. Let l(a) = -49*a - 26. Let h(j) = p*l(j) + 5*y(j). What are the prime factors of h(-4)?
5, 19
Let s = 16 - 5. Suppose 0 = t - s + 9. Suppose -t*x - 240 = -6*x - 2*q, 78 = x + 5*q. List the prime factors of x.
2, 29
Let k(m) be the third derivative of m**5/60 + 11*m**4/12 + 5*m**3/6 + 113*m**2. List the prime factors of k(-31).
2, 71
List the prime factors of (-21274)/(-30) + 18/(-405)*3.
709
Suppose 4*w - 784*q = -785*q + 16443, 12321 = 3*w + 3*q. What are the prime factors of w?
2, 257
Let j be (-2)/(-8) - 9/(324/(-99)). Suppose -4*m + m + 2346 = -j*s, 0 = m - 2*s - 784. What are the prime factors of m?
2, 3, 5, 13
Suppose 2*m + 0*q - q - 7 = 0, 0 = 3*m - 3*q - 15. Suppose -307 = -m*u - g + 94, 0 = 5*u - 4*g - 1022. List the prime factors of u.
2, 101
Let i = -17583 - -38034. What are the prime factors of i?
3, 17, 401
Suppose -1171977 = -28*x + 1090349 - 608982. What are the prime factors of x?
2, 11, 61
Suppose 109369 = 4*h + x, -3*h - 36807 = -4*x - 118829. What are the prime factors of h?
2, 3, 7, 31
Let a(x) = 7*x**2 + 23*x - 5. Let d(y) = 29*y**2 + 92*y - 23. Let r(v) = -9*a(v) + 2*d(v). What are the prime factors of r(-4)?
11
Let s = 49 - 46. Suppose 146 - 707 = -s*u. Let v = u + -115. List the prime factors of v.
2, 3
Let v(l) be the first derivative of l**3/3 + l**2 - 4*l - 15. Let a be v(-3). What are the prime factors of a + 84 - (-2 + -2)?
3, 29
Suppose -31*d + 28*d = -17391. List the prime factors of d.
11, 17, 31
Let i(u) = -4*u**3 - 3*u**2 + 24*u + 30. Let r be i(-9). Suppose -x + r = x + 3*s, 4*x + 2*s = 4986. What are the prime factors of x?
2, 3, 13
Suppose -3*w + 57105 = 2*x, 0 = 6*w - x + 19944 - 134169. What are the prime factors of w?
19037
Suppose -3*d - 10*d - 73*d = -3401558. What are the prime factors of d?
37, 1069
Suppose 2*q - 7022 = -44*n + 40*n, -3*n = 4*q - 14014. List the prime factors of q.
3499
Let w(b) = -145*b - 582. What are the prime factors of w(-47)?
23, 271
Let v = -14 - -30. Let g(p) = 29*p + 13*p + v*p + 3. List the prime factors of g(1).
61
Let l(k) = -1180*k + 82. What are the prime factors of l(-6)?
2, 3581
Let y(k) = -k**3 + 9*k**2 - 18*k + 4. Let j be y(5). Suppose j*l = 10*l + 1944. What are the prime factors of l?
2, 3
Suppose 8*s - 7*s = -5*y + 14704, -2*s = 5*y - 14703. Suppose 15*h - y = 26894. What are the prime factors of h?
3, 13, 17
Let a = 28980 + -20108. What are the prime factors of a?
2, 1109
Let p = 56 + -54. Let c be (-3)/9*-42*p/4. Suppose 0*b = -c*b + 140. List the prime factors of b.
2, 5
Let s(d) = -2*d + 23. Let h be 3/18 + 1*(-178)/(-12). Suppose 0 = 10*y - h*y. What are the prime factors of s(y)?
23
Suppose -116 = -w - 5*x, 4*w + 4*x - 399 = 65. Let i = w + -122. What are the prime factors of (7/((-196)/21))/(i/16)?
2
Let l(z) = 37*z**3 - 47*z**2 + 24*z + 2. Let r be l(8). Suppose 35*h = -r + 46055. List the prime factors of h.
3, 5, 19
Let u(g) = 5*g**2 + 2*g + 29. What are the prime factors of u(15)?
2, 37
Suppose 19*o = 12*o + 14. Suppose -3*c + 3*b = o*c - 370, -4*b = -2*c + 162. List the prime factors of c.
71
Let t(u) = -u**2 + 15*u - 27. Suppose -5*s + 46 = 5*o - 14, 3*s + 2*o = 37. Let d be t(s). List the prime factors of (d + 4)/(3/(-912)*-12).
2, 19
What are the prime factors of (-14 - -6)/1*17565/(-20)?
2, 3, 1171
Suppose y - 5 = -5*a - 21, 2*y + 8 = -4*a. What are the prime factors of (-1226)/(-9) + 306/81 + a?
2, 17
Let l = 119592 + -58279. List the prime factors of l.
7, 19, 461
Let d = 3605 + -2556. What are the prime factors of d?
1049
Let i(z) = -7*z**3 - 3*z**2 - 10*z - 25. Let d(c) = -c**3 - c**2. Let f(q) = 3*d(q) + i(q). List the prime factors of f(-4).
13, 43
Let y be (4 - (-57)/(-12)) + 102/8. Let q = y + -10. Suppose 3*a + q*c - 68 = 0, 2*a = -2*a - 5*c + 86. List the prime factors of a.
2, 3
Let g = -8 + 36. Let w = g + -51. List the prime factors of w/(-2) - 9/18.
11
Let j = -6 + 11. Let d(r) = 2*r + 3. Let l(k) = -6*k - 6. Let b(q) = -9*d(q) - 5*l(q). List the prime factors of b(j).
3, 7
Suppose -3*t + 165053 = 3*x - 41110, -4*x = 5*t - 274877. List the prime factors of x.
2, 11, 71
Let i(u) = u**3 + 2*u**2 - 11*u + 8. Let l be i(-10). Let a = l + 1060. List the prime factors of a.
2, 3, 7
Suppose -69*j - 84 = -76*j. List the prime factors of j/10*(8000/(-12))/(-2).
2, 5
Suppose 4664 = -9*d - 1708. Let g = -274 - d. Let i = g + -202. What are the prime factors of i?
2, 29
Suppose 260 = 16*v + 100. Let w(c) = -4*c**2 - c**2 + 12*c + 2*c**2 + 2*c**2 - 11. List the prime factors of w(v).
3
Let v(w) = 3*w + 36. Let n(g) = -2*g**2 - 7*g - 8. Let d(j) = -j**2 - 7*j - 8. Let f(q) = 3*d(q) - 2*n(q). Let x be f(8). What are the prime factors of v(x)?
2, 3
Suppose 2*j - j - z - 146 = 0, 4*j - 3*z = 582. Let y = -13251 - -13372. Let h = j - y. List the prime factors of h.
23
Let k be 0/(7 + 1) + 1098. Let g = 1997 - k. What are the prime factors of g?
29, 31
Let o be 18/(5 - -1)*2/6. List the prime factors of 521 + (-14 + 8)*o.
5, 103
Suppose 8*r - 56 = 